
Suppose p - 8 = -3*p. Suppose -3*a + 14 = -p*a. Suppose 2*t = -3*z + 132, 5*t - t + 72 = 2*z. Calculate the highest common divisor of a and z.
14
Let i(t) = -13*t**3 + 4*t**2 - 2*t - 5. Let d be i(-1). Let g = -2 + 5. Let u be (112/g)/(1/3). Calculate the greatest common divisor of u and d.
14
Let a(s) = -s**3 + 24*s**2 + 52*s + 10. Let r be a(26). Calculate the highest common factor of r and 25.
5
Let s be (-27)/(-4) + 27/(-36). Suppose 0 = -t + s*t. Let r be (-5 + t)*(-35)/25. Calculate the highest common divisor of r and 49.
7
Suppose -2*d + 73 = k - 74, k + 3*d - 149 = 0. Calculate the highest common divisor of 26 and k.
13
Suppose -5*f + m = 356, -f + 0*f + 2*m = 64. Let l = -51 - f. What is the highest common divisor of 3 and l?
3
Let m = 9 + -8. Suppose 3*s + m = 4*v, 0*s = 2*v + 4*s - 28. Suppose -5*w - 49 + 5 = -4*u, -2*w = v*u - 44. What is the greatest common divisor of u and 33?
11
Let i(k) = 25*k + 215. Let o be i(-7). Let g = -599 + 839. Calculate the greatest common divisor of o and g.
40
Let c = -274 - 1392. Let o be c/(-51) - 8/(-6). What is the highest common divisor of 204 and o?
34
Let a(l) = l**3 - 2*l**2 - 3*l - 9. Let v be a(0). Let j be v/(18/8) + 54. Let z = -7 + 12. Calculate the highest common divisor of z and j.
5
Let v = 1881 + -1788. Calculate the greatest common factor of v and 527.
31
Let g = -45 - -53. Let d(n) = n + 4. Let r(j) = 1. Let w(m) = -d(m) + 5*r(m). Let a be w(0). What is the highest common divisor of a and g?
1
Suppose -45 = -5*k + 10. Let w = 515 + -504. Calculate the greatest common divisor of k and w.
11
Let w = -40 - -23. Let s = 0 - w. What is the greatest common factor of 153 and s?
17
Let q = -10 + 10. Let k be (q - -29) + 2/(-1). Suppose 3*z - k = 9. What is the greatest common factor of z and 36?
12
Let m be -2 + -184*(2 - 1) + -2. Let g = m + 321. What is the highest common factor of g and 7?
7
Let p be -6*(-12)/(-8) + 24. Suppose 3*n + 10 = 5*n. Calculate the greatest common factor of p and n.
5
Suppose j + 0*j = -4*g + 20, 4*j - 140 = 4*g. Let l = j - 29. What is the highest common divisor of l and 3?
3
Let r = 19 - 3. Let m = r + -10. What is the highest common divisor of 48 and m?
6
Let x be 762/27 + 8/(-36). What is the greatest common factor of x and 294?
14
Suppose -9 = -5*r + 41. Calculate the highest common factor of 40 and r.
10
Let g be 4/(-6) + (-2320)/(-15). Calculate the greatest common factor of g and 143.
11
Suppose 2*b + 23 = -5*a, 3*b + 12 = -0*b. Let g = a - -7. Let u(c) = 8*c. Let v be u(g). Calculate the highest common divisor of 80 and v.
16
Let v(r) = 10*r + 21. Let h be v(-6). Let s = 129 + h. Calculate the greatest common factor of 10 and s.
10
Suppose 1021 + 1322 = 213*q. Suppose -j - 11 = -88. What is the highest common divisor of q and j?
11
Let r(f) = 2*f**3 + 1. Let s be r(2). Let v(o) = 79*o + 638. Let d be v(-7). What is the greatest common divisor of s and d?
17
Let k be ((-120)/21)/(-9 - 488/(-56)). Calculate the greatest common divisor of k and 16.
4
Let q be 40 + (-2 - 1*-2). Suppose -314*n + 306*n = -64. Calculate the greatest common factor of n and q.
8
Suppose 0 = -4*u, -5*b - 2*u + 7*u + 5 = 0. Calculate the highest common divisor of b and 73.
1
Let l = 0 + 5. Let v(s) = s**3 + 7*s**2 + 2. Let c be v(-6). Suppose j - c = -2*u, u + 4*u - 3*j = 106. Calculate the greatest common factor of u and l.
5
Let b be (1*11)/(36/252). Calculate the highest common divisor of b and 231.
77
Suppose -3*t - 6 = 3. Let p be t/(-12)*(-3 + 3). Suppose 4*h - 10 + 6 = p. Calculate the greatest common divisor of h and 5.
1
Suppose -3*d + 138 = p, -d - 4*p + 5*p + 42 = 0. Calculate the highest common divisor of d and 4.
1
Let g be -1 + (3 - 2 - -3). Let h(s) = 10*s**2 - 3*s - 4. Let w be h(g). Let z be 4/10 - 265/(-25). What is the highest common divisor of w and z?
11
Let x(q) = -19*q + 356. Let p be x(-5). Calculate the greatest common divisor of 205 and p.
41
Let d = -139 - -148. Let a = -31 + 58. Calculate the greatest common divisor of d and a.
9
Let r = 1970 + -1594. Calculate the highest common factor of 94 and r.
94
Let k(t) = t**3 - 17*t**2 + 5*t + 14. Let q be k(14). Let h be (-1 - (-2)/6) + q/(-108). What is the greatest common divisor of h and 20?
4
Let i(f) = -f**3 - 17*f**2 - 15*f + 35. Let v be i(-16). What is the highest common divisor of v and 95?
19
Suppose 76 = 5*a - 4. Let n be 1/(-12)*-3 - 567/(-36). Calculate the highest common divisor of a and n.
16
Suppose 5*q - 59 = 111. Let j(x) = 3*x**2 - 3*x - 5. Let p be j(-5). What is the greatest common factor of p and q?
17
Suppose 127*a + 4608 = 143*a. Calculate the highest common divisor of a and 480.
96
Let r = 135 - -61. Calculate the highest common divisor of 56 and r.
28
Suppose 0 = r + r + 50. Let n = r + 36. Let v = 229 - 108. Calculate the highest common factor of n and v.
11
Let g = -2647 - -2671. Calculate the greatest common factor of 138 and g.
6
Let m be 343/(-1) + (-48)/(-16). Let x be -1*3 - 9/(45/m). Calculate the highest common factor of x and 26.
13
Suppose -482 = -4*k + 2*y, 8*k - 3*k = -4*y + 609. Suppose 2*h = -2*h - 324. Let v = h + k. What is the highest common divisor of 8 and v?
8
Let i be 44*(16 + 36/(-6)). What is the greatest common factor of i and 40?
40
Let c(g) = -g**3 - 7*g**2 - 48*g - 10. Let a be c(-5). What is the highest common factor of 90 and a?
90
Let t = 14 + -6. Suppose 10 = d - 5*p + 35, -4*p = d + 7. Let g = 47 + d. Calculate the greatest common factor of t and g.
8
Let p be (-3 - -10)*1/(-5)*-415. Calculate the greatest common divisor of 249 and p.
83
Let x be (-16)/(-8)*2/(-14) + (-342)/(-266). Let f(j) = 4*j**3 - 2*j**2 - j + 1. Let p be f(2). What is the highest common divisor of p and x?
1
Suppose 5*d = -n - 18, -3*n + d = -0*d - 26. Let b = 108 - 105. Suppose -24 = b*y - 45. Calculate the greatest common factor of n and y.
7
Suppose -160 = -5*l + 720. Calculate the highest common divisor of l and 96.
16
Suppose 0*b = 4*b - 36. Suppose -162 = -2*z - 72. What is the highest common divisor of z and b?
9
Let c(v) = v + 16. Let d = -23 - -12. Let u be c(d). Suppose 0 = 2*r - l - 19, -1 = -u*r + l + 48. Calculate the greatest common divisor of 20 and r.
10
Let b = -9 + 11. Let r be b - (-7*8)/4. Let u(v) = v**2 - 14*v - 9. Let l be u(r). Calculate the greatest common factor of l and 92.
23
Let a(m) = m + 2*m + 6*m**2 + 18*m**3 - 19*m**3. Let y be a(4). Calculate the highest common factor of 396 and y.
44
Let i(s) = 8*s + 8. Let p be i(2). Let x be 2/6 - (-102)/18*19. Calculate the highest common factor of x and p.
12
Suppose 14*y = 274 + 20. What is the highest common factor of 98 and y?
7
Suppose 3*m - 5*w = 32, 2 = 4*w + 6. Calculate the highest common factor of m and 243.
9
Let x(w) = w**3 - 3*w**2 - 4*w + 5. Let j be x(4). Let f = 57 - 65. Let k be f/6*24/(-16). What is the greatest common divisor of k and j?
1
Let r = 23 - -8. Let b = -5 + r. Let m(w) = w**3 + 10*w**2 - 5*w - 24. Let t be m(-10). What is the highest common divisor of b and t?
26
Suppose 2*i + 26 - 4 = 4*t, 5*t - i - 26 = 0. Suppose 23 + 7 = t*x. Suppose c + x = 3*c. Calculate the greatest common factor of 15 and c.
3
Let o = 898 + -755. Let v be 102/8 - (-2)/8. What is the greatest common factor of v and o?
13
Let f = 1 - -6. Let m(n) = n**2 - 6*n - 30. Let i be m(10). Suppose -i*h = -245 - 105. What is the greatest common factor of f and h?
7
Suppose 12*o - 29 = 247. Calculate the highest common factor of o and 667.
23
Suppose -29*g + 19*g + 380 = 0. Suppose 0*c = -c + 19. Calculate the greatest common factor of g and c.
19
Let j(m) = 14*m - 4. Let k be j(8). Let z(i) = 5*i - 24. Let b be (38 - 41) + (-1 - 2*-8). Let p be z(b). Calculate the highest common factor of k and p.
36
Let s = -2238 - -2271. What is the greatest common divisor of s and 48?
3
Let l be (6/12)/((-2)/(-8)). Suppose -3*p = -4*z + 151, 4*z + 5*p = l + 109. Let b = z + -12. What is the highest common divisor of b and 11?
11
Let z be (1/5)/((-1)/(-185)). Let g = 65 - z. Calculate the highest common divisor of 21 and g.
7
Suppose 3*n - 51 + 22 = l, -l - 2 = 0. Calculate the greatest common factor of 288 and n.
9
Let n(y) = y**2 + 4*y - 21. Let m be n(-7). Let h(c) = -2*c**2 - 2*c + 135. Let s be h(m). What is the highest